 2*d**q + 4*d - d**2 + 1 - 7*d + 2*d**2. Let x = 35 - 33. Calculate u(x).
-1
Let v(h) = 1060*h - 18 - 1048*h - 8. Determine v(6).
46
Let v = -1618 - -1621. Let b(k) = k. Let r(g) = g - 3. Let x(o) = 6*b(o) - r(o). Let f(n) = 14*n + 10. Let w(u) = v*f(u) - 8*x(u). What is w(-6)?
-6
Let j(z) = -z**3 + 5*z**2 + 7*z - 4. Let u be j(6). Let q(f) = 202*f - 205*f + 10305*f**3 + 4*f**2 - 10307*f**3. Calculate q(u).
-6
Let x(w) = 3*w - 5. Let a be 7112/(-148) - 12/(-222). Let m be 8/3*78/4. Let i = a + m. Give x(i).
7
Let w(i) = i**2 - 14*i - 16. Suppose -3*v = -5*d + 57, 45*v - 21 = -3*d + 49*v. What is w(d)?
-1
Let i(z) = 2*z**2 - 35*z + 16. Let h = 1769 - 1752. Give i(h).
-1
Let q(d) = 24*d**3 + 2 - 25*d**3 + 3*d + 1. Suppose 0 = 2*r + 2, 3*w - 7*r + 5 = -6*r. Calculate q(w).
5
Let y(f) = f + 2. Suppose 3*p + 8 = 5*r + 25, r = 3*p - 13. Let v(k) = -k**2 + 4*k. Let b(z) = p*y(z) - v(z). Give b(0).
8
Let b(t) = -58*t + 358. Let k = -10545 + 10551. What is b(k)?
10
Let f(s) = 6*s. Let u = -185 - -406. Let g = u + -220. Calculate f(g).
6
Suppose -26*o - 15 + 405 = 0. Let z(y) = -y**3 + 13*y**2 + 30*y - 2. Calculate z(o).
-2
Suppose 0 = -5492*m + 5424*m + 136. Let t(v) be the third derivative of 0 - 30*v**m - 1/4*v**4 - 1/6*v**3 + 0*v. Calculate t(-1).
5
Let p(k) = 16*k**2 - 27*k - 3. Let t(i) be the third derivative of 7*i**5/60 - 13*i**4/24 - i**3/3 - 11*i**2. Let u(r) = 4*p(r) - 9*t(r). What is u(-7)?
-8
Let r(t) be the second derivative of t**5/20 + t**4/12 + 2*t**3/3 - t**2/2 + 18*t - 25. Give r(-3).
-31
Let p = 317 - 768. Let u = -448 - p. Let z(t) = -2*t - 1. Give z(u).
-7
Let z(b) = -b**2 + b + 65. Let v(a) = -2*a. Let g(i) = 5*v(i) + z(i). Let s(x) be the first derivative of g(x). Calculate s(-6).
3
Let k(u) be the first derivative of -u**3/3 - 2*u**2 - 8*u + 967. What is k(-5)?
-13
Let f be (-21)/(-49) - ((-22)/(-121) + (-2214)/77). Let x(c) = -5*c + 150. Determine x(f).
5
Let n(o) = o**3 - 11*o**2 + 14*o - 28. Let s be 60/26*(-598)/(-138). Give n(s).
12
Let g(q) = -25*q - 1. Let c = 2762 + -2759. Give g(c).
-76
Let a(v) = 5*v**2 + 50*v + 14. Suppose -46*l = -17*l + 41*l + 700. Determine a(l).
14
Let x(n) = -20*n - 1280. Let f(a) = -a - 96. Let d(l) = -15*f(l) + x(l). What is d(35)?
-15
Let t(w) = 3076 - w**2 - 1027 - 18*w - 1027 - 1034 + 2*w**2. Determine t(17).
-29
Let v be (2 - (-56)/(-24)) + (-2)/(-6). Let a(q) = -3*q + 6. Let k(p) = -7*p + 13. Let b(r) = 5*a(r) - 2*k(r). Calculate b(v).
4
Let f be (-27 - -28)*(-5)/((-10)/4). Let d(b) = b**2 + b**2 - 13 + 2*b**f - 15*b - 3*b**2 + 10*b. Determine d(6).
-7
Let v = -470 - -962. Let t = v + -498. Let f(c) = c**3 + 6*c**2 - 2*c - 5. Calculate f(t).
7
Let f(x) = x**3 - 5*x**2 + 8*x - 2. Let t(q) = -q**2 - 14*q + 54. Let m be t(-17). Let o be f(m). Let p(r) = -r**2 + 4*r - r + r. What is p(o)?
0
Suppose 3*m - 2 = -k, -453 = 2*k + 2*m - 445. Let f(t) = t**3 + 8*t**2 + 7*t + 3. Determine f(k).
3
Let z be -4 - (2 + 0/2). Let c(t) be the third derivative of -1/12*t**4 + 1/120*t**6 + 0 - t**3 + 1/10*t**5 + 0*t + 64*t**2. Calculate c(z).
6
Let h(p) = 132*p + 16. Let g(k) = -48*k - 6. Let s(t) = 14*g(t) + 5*h(t). Calculate s(-1).
8
Suppose -102*i + 54*i = 0. Let s(b) be the second derivative of b**5/20 - b**4/12 - b**3/6 + 23*b**2/2 - 2*b. What is s(i)?
23
Let z(s) = -s**2 - 5*s + 9. Let l be z(-6). Suppose -c = l*c - 4. Let q(p) = p + 11*p + 8*p - 10*p + 5*p. Calculate q(c).
15
Suppose -5*x - f + 3*f + 308 = 0, 0 = -3*x - 5*f + 160. Suppose x = 4*u - 10*u. Let t(w) = -w - 24. What is t(u)?
-14
Suppose -2*d - 8 = -5*m, 3*d - 7 = -10*m + 8*m. Let h(q) = -q**3 - q**2 - 2*q + 6. What is h(m)?
-10
Let l = -52 - -44. Let k(s) = -3 - 21*s - 1 + 10 + 7 - 2*s**2. Let a(v) = -3*v**2 - 32*v + 20. Let y(i) = 5*a(i) - 8*k(i). Give y(l).
-4
Let d = -264 - -264. Suppose -10*v - 13*v - 23 = d. Let x(t) = -8*t - 1. Calculate x(v).
7
Let v(r) = -1357*r - 1363*r + 25 + 2725*r. What is v(-8)?
-15
Let v(a) be the first derivative of a**4/4 - 5*a**3/3 + 3*a**2/2 + 8*a + 1100. What is v(4)?
4
Let b(g) = -7*g**2 - 19*g + 38. Let z(p) = 3*p**2 + 9*p - 18. Let c(q) = -7*q - 37. Let o be c(-5). Let m(t) = o*b(t) - 5*z(t). Calculate m(-10).
-16
Let l(s) = 3*s - 4. Let a(i) = -4*i + 6. Let w(d) = -5*a(d) - 7*l(d). Let x = 77255 + -77258. What is w(x)?
1
Suppose 0 = -2*k + 3*u - 166, -2*u + 390 = -5*k - 7*u. Let f = 79 + k. Let i(z) = 3*z**3 + z. Determine i(f).
-4
Let z(n) = n**3 + 8*n**2 + 11. Suppose 136 = 11*h - 9*h. Suppose 6*o - 20 = -h. What is z(o)?
11
Let i(j) be the third derivative of 1/60*j**5 - 7/24*j**4 + 0 + 95*j**2 + 0*j + 0*j**3. Determine i(7).
0
Let w(y) be the third derivative of -y**6/120 - 2*y**5/15 - y**4/24 - 5*y**3/3 + 23*y**2 - 2*y. Suppose -120 = 20*p + 40. Determine w(p).
-2
Let g(w) = 2*w**2 - 46*w + 75. Let x be g(21). Let b be x/6*(-28)/(-42). Let i(s) = -30*s - 1. Calculate i(b).
29
Let i(b) = 8516*b**2 + 5*b - 2844*b**2 + 21 - 2837*b**2 - 3*b - 2836*b**2. Calculate i(-6).
-27
Suppose -32 = 6*j + 28. Let b(x) = 11*x**3 + x**2 + 4*x - 73. Let n(r) = -r**3 + r**2 + r + 8. Let g(d) = -b(d) - 10*n(d). Give g(j).
33
Let i(q) = q**2 - 9*q + 6. Let s = 36 - 30. Suppose 4*j = s + 6. Suppose -2*g - p - p + 12 = 0, -j*g + 2*p + 28 = 0. What is i(g)?
-2
Suppose 15*m = 368 - 113. Let o(b) = 26*b - 448. Give o(m).
-6
Let h(p) = -p**2 - 6*p - 12. Let d(b) = -6*b**2 + 248*b - 85. Let x be d(41). What is h(x)?
-3
Let t(r) = r + 2. Let i = 201 - 198. Suppose -4*x = i*j + 6, j + 2*j + 6 = -x. Calculate t(j).
0
Suppose 4*h = -66*h. Let v(l) = -l**3 + l**2 - l + 27. Calculate v(h).
27
Let y(k) = 286*k - 8865. Let o be y(31). Let n(j) = 11*j**3 - j**2 + 26*j - 26. Determine n(o).
10
Let n(p) = -2*p**2 + 3*p + 6. Suppose -2*o = 2*v - 336, -26*v = 5*o - 27*v - 822. Suppose -22*t + o = 11*t. What is n(t)?
-29
Let n = -44 + 66. Suppose 0 = -2*y + 2*a + n, 7*y - 4*a = 8*y - 6. Let z(r) = 2*r**2 - 21*r + 4. Calculate z(y).
-6
Let l(a) = -a - 2. Let h(u) = -u - 1. Let v be h(-14). Let w(q) = q**2 - 21*q + 28. Let b be w(v). Let i = b + 80. Determine l(i).
-6
Let w(g) = 2*g + 90. Let v be -11 - (-21 - -17) - 68/2. Give w(v).
8
Suppose 1 + 4 = z. Let b = -1765 + 1767. Let n(p) = 0*p**2 + 6*p**b + 4*p - z*p**2 + 6 - 4. What is n(-6)?
14
Let z(h) = -9*h**2 + 2*h - 12. Let l(c) = -7*c**2 + 4*c - 13. Let q(b) = -4*l(b) + 3*z(b). Give q(9).
7
Let p(s) = s**2 + 5*s - 126. Let b = -6637 + 6623. Calculate p(b).
0
Let o(s) = -s**3 + 14*s**2 - 5. Let w(i) = 125*i + 889. Let n be w(-7). Determine o(n).
-5
Let t = 132 - 132. Let v be -10 + -5 + 7 + (t - -5). Let n(a) = -a**2 - 3*a + 4. Calculate n(v).
4
Let n(q) = -q**3 + 2 + 83*q - 83*q. Let s be n(1). Suppose h - 1 = j, 5*h = -3*j - s - 2. Let r(l) = 13*l - 1. Give r(j).
-14
Let y(v) = v**3 - 4*v**2 + 4*v + 1. Let m = 60 - 60. Suppose 5*t - 35 = -5*l, -4*l + m*l + 28 = -3*t. Suppose -5*j - 8 = -l*j. Determine y(j).
17
Let y(z) = -3*z**3 + 9*z**2 - 2*z - 5. Let s = 175 + -173. Let t(l) = 4*l**3 - 10*l**2 + l + 5. Let g(k) = s*t(k) + 3*y(k). Determine g(6).
7
Let v(p) = 6*p**2 - 85*p - 104. Let h(a) = a**2 - 17*a - 21. Let n(m) = -11*h(m) + 2*v(m). Let c(g) = -g**2 - 132*g - 1347. Let j be c(-11). Calculate n(j).
7
Let n(y) = -y**2 - 5*y + 4. Let i(h) = h. Let o(z) = -2*i(z) - n(z). Let x be o(-4). Suppose x*d = -d. Let p(q) = -q - 2. Give p(d).
-2
Let b(w) be the second derivative of -w**4/6 + 5*w**3/6 - 7*w**2/2 + 39950*w. Suppose 4*k = -2*u + 6, 4*k - u + 3 = 18. Determine b(k).
-10
Let r be 805/10 - 1/(-2). Let i = 83 - r. Let m(x) = -60*x**i + 57*x**2 + 6 - 4. Give m(-2).
-10
Let r be (336/(-252))/((-1)/426). Let p = -551 + r. Let b(q) = -q**2 + 18*q - 20. Calculate b(p).
-3
Let z(k) be the second derivative of -k**5/10 - k**4/3 - k**3/6 + k**2 + 51*k. Let j = -63 + -7. Let s = -72 - j. What is z(s)?
4
Let t(l) = 5*l**3 + 25*l**2 - 33*l + 10. Let a(z) = z**3 - z**2 + 4*z + 2. Let i(f) = 6*a(f) - t(f). Calculate i(29).
-27
Let a(j) be the second derivative of 23*j**5/20 - j**4/6 - j**3/6 + 2*j. Let n(w) = 7*w**2 - 84*w + 188. Let b be n(3). Determine a(b).
-24
Let w be ((-94)/4)/((-8)/16). Let t(n) = -89*n**3 + w*n**3 - 2*n**2 + 41*n**3. Let d be t(0). Let x(h) = h**3 - h**2 + 8. What is x(d)?
8
Let j(q) = q**2 - 7*q - 53. Let n(k) = -k**2 + 8*k + 60. Let m(y) = -2*j(y) - 3*n(y). Wha